{"id":1551,"date":"2023-01-20T11:00:58","date_gmt":"2023-01-20T10:00:58","guid":{"rendered":"https:\/\/pavimentosps.com\/?page_id=1551"},"modified":"2023-02-09T11:36:02","modified_gmt":"2023-02-09T10:36:02","slug":"sbr-encapsulado","status":"publish","type":"page","link":"https:\/\/pavimentosps.com\/index.php\/sbr-encapsulado\/","title":{"rendered":"SBR (encapsulado)"},"content":{"rendered":"\n<p>Se aplica en dos capas diferentes:<\/p>\n\n\n\n<p>Capa base: consiste en una mezcla de SBR con Resina.<br>El SBR son gr\u00e1nulos de caucho de un tama\u00f1o de 2 a 7 mm procedentes de la trituraci\u00f3n de neum\u00e1ticos fuera de uso. El espesor de esta capa depende de la altura de ca\u00edda del parque. SEG\u00daN NORMATIVA<\/p>\n\n\n\n<p>Capa de acabado: consiste en una mezcla de SBR con Resina.<\/p>\n\n\n\n<p>La compactaci\u00f3n debe ser m\u00ednima para la capa base, para conseguir mas amortiguaci\u00f3n,&nbsp;&nbsp;y &nbsp;m\u00e1xima para la capa de acabado.<\/p>\n\n\n\n<p>El caucho reciclado SBR es encapsulado (recubierto) en multitud de colores y con diferentes granulometr\u00edas dependiendo del uso del que se le vaya a dar.<\/p>\n\n\n\n<p>El resultado es un suelo el\u00e1stico, amortiguador y con un coste mas reducido que con el acabado EPDM<\/p>\n\n\n\n<p>Recomendamos que en la preparaci\u00f3n del soporte exista un buen trabajo de evacuaci\u00f3n de aguas, dando las pendientes adecuadas y\/o colocando sumideros. El agua estancada hace que en el grano de caucho aparezcan manchas de humedad, que adem\u00e1s de su efecto antiest\u00e9tico puede afectar a la uni\u00f3n de los materiales. Es necesario un firme resistente para la colocaci\u00f3n del pavimento de caucho.<\/p>\n\n\n\n<p>Si la obra est\u00e1 en lugares p\u00fablicos, se aconseja fijar un&nbsp;<strong><u>vigilante o guarda<\/u><\/strong>&nbsp;tras la ejecuci\u00f3n de los trabajos diarios, para evitar el acceso y posibles pisadas ya que estas acciones son muy habituales.<\/p>\n\n\n\n<p>Dise\u00f1os personalizados<\/p>\n\n\n\n<p>Gracias a la ejecuci\u00f3n \u201cin situ\u201d, con este material podemos realizas dise\u00f1o personalizados o est\u00e1ndar seg\u00fan las necesidades de cada parque.<\/p>\n\n\n\n<figure class=\"wp-block-gallery has-nested-images columns-default is-cropped wp-block-gallery-1 is-layout-flex wp-block-gallery-is-layout-flex\">\n<figure class=\"wp-block-image size-large\"><img loading=\"lazy\" decoding=\"async\" width=\"1024\" height=\"803\" data-id=\"1728\" src=\"https:\/\/pavimentosps.com\/wp-content\/uploads\/2023\/02\/Foto-aerea.-Parque-Infantil-Burguillos-copia-1024x803.jpg\" alt=\"\" class=\"wp-image-1728\" srcset=\"https:\/\/pavimentosps.com\/wp-content\/uploads\/2023\/02\/Foto-aerea.-Parque-Infantil-Burguillos-copia-1024x803.jpg 1024w, https:\/\/pavimentosps.com\/wp-content\/uploads\/2023\/02\/Foto-aerea.-Parque-Infantil-Burguillos-copia-300x235.jpg 300w, https:\/\/pavimentosps.com\/wp-content\/uploads\/2023\/02\/Foto-aerea.-Parque-Infantil-Burguillos-copia-768x602.jpg 768w, https:\/\/pavimentosps.com\/wp-content\/uploads\/2023\/02\/Foto-aerea.-Parque-Infantil-Burguillos-copia.jpg 1320w\" sizes=\"auto, (max-width: 1024px) 100vw, 1024px\" \/><figcaption class=\"wp-element-caption\">DCIM\\101GOPRO<\/figcaption><\/figure>\n\n\n\n<figure class=\"wp-block-image size-large\"><img loading=\"lazy\" decoding=\"async\" width=\"1024\" height=\"576\" data-id=\"1735\" src=\"https:\/\/pavimentosps.com\/wp-content\/uploads\/2023\/02\/Parque-Guillena-Barco-SBR-2-1024x576.jpg\" alt=\"\" class=\"wp-image-1735\" srcset=\"https:\/\/pavimentosps.com\/wp-content\/uploads\/2023\/02\/Parque-Guillena-Barco-SBR-2-1024x576.jpg 1024w, https:\/\/pavimentosps.com\/wp-content\/uploads\/2023\/02\/Parque-Guillena-Barco-SBR-2-300x169.jpg 300w, https:\/\/pavimentosps.com\/wp-content\/uploads\/2023\/02\/Parque-Guillena-Barco-SBR-2-768x432.jpg 768w, https:\/\/pavimentosps.com\/wp-content\/uploads\/2023\/02\/Parque-Guillena-Barco-SBR-2-1536x864.jpg 1536w, https:\/\/pavimentosps.com\/wp-content\/uploads\/2023\/02\/Parque-Guillena-Barco-SBR-2-2048x1152.jpg 2048w\" sizes=\"auto, (max-width: 1024px) 100vw, 1024px\" \/><\/figure>\n\n\n\n<figure class=\"wp-block-image size-large\"><img loading=\"lazy\" decoding=\"async\" width=\"1024\" height=\"576\" data-id=\"1731\" src=\"https:\/\/pavimentosps.com\/wp-content\/uploads\/2023\/02\/91d1311d-7eb4-489d-bad2-77c05af5a45a-1024x576.jpg\" alt=\"\" class=\"wp-image-1731\" srcset=\"https:\/\/pavimentosps.com\/wp-content\/uploads\/2023\/02\/91d1311d-7eb4-489d-bad2-77c05af5a45a-1024x576.jpg 1024w, https:\/\/pavimentosps.com\/wp-content\/uploads\/2023\/02\/91d1311d-7eb4-489d-bad2-77c05af5a45a-300x169.jpg 300w, https:\/\/pavimentosps.com\/wp-content\/uploads\/2023\/02\/91d1311d-7eb4-489d-bad2-77c05af5a45a-768x432.jpg 768w, https:\/\/pavimentosps.com\/wp-content\/uploads\/2023\/02\/91d1311d-7eb4-489d-bad2-77c05af5a45a-1536x864.jpg 1536w, https:\/\/pavimentosps.com\/wp-content\/uploads\/2023\/02\/91d1311d-7eb4-489d-bad2-77c05af5a45a.jpg 1600w\" sizes=\"auto, (max-width: 1024px) 100vw, 1024px\" \/><\/figure>\n\n\n\n<figure class=\"wp-block-image size-large\"><img loading=\"lazy\" decoding=\"async\" width=\"640\" height=\"464\" data-id=\"1734\" src=\"https:\/\/pavimentosps.com\/wp-content\/uploads\/2023\/02\/PARQUE-ABEJA.-GUILLENA.-ENCAPSULADOIMG_0120.jpg\" alt=\"\" class=\"wp-image-1734\" srcset=\"https:\/\/pavimentosps.com\/wp-content\/uploads\/2023\/02\/PARQUE-ABEJA.-GUILLENA.-ENCAPSULADOIMG_0120.jpg 640w, https:\/\/pavimentosps.com\/wp-content\/uploads\/2023\/02\/PARQUE-ABEJA.-GUILLENA.-ENCAPSULADOIMG_0120-300x218.jpg 300w\" sizes=\"auto, (max-width: 640px) 100vw, 640px\" \/><\/figure>\n\n\n\n<figure class=\"wp-block-image size-large\"><img loading=\"lazy\" decoding=\"async\" width=\"578\" height=\"1024\" data-id=\"1737\" src=\"https:\/\/pavimentosps.com\/wp-content\/uploads\/2023\/02\/Zarzas-de-Alange.-Badajoz.-Encapsulado107bea34-1203-444b-9ae2-2c6a0536fa87-578x1024.jpg\" alt=\"\" class=\"wp-image-1737\" srcset=\"https:\/\/pavimentosps.com\/wp-content\/uploads\/2023\/02\/Zarzas-de-Alange.-Badajoz.-Encapsulado107bea34-1203-444b-9ae2-2c6a0536fa87-578x1024.jpg 578w, https:\/\/pavimentosps.com\/wp-content\/uploads\/2023\/02\/Zarzas-de-Alange.-Badajoz.-Encapsulado107bea34-1203-444b-9ae2-2c6a0536fa87-169x300.jpg 169w, https:\/\/pavimentosps.com\/wp-content\/uploads\/2023\/02\/Zarzas-de-Alange.-Badajoz.-Encapsulado107bea34-1203-444b-9ae2-2c6a0536fa87-768x1361.jpg 768w, https:\/\/pavimentosps.com\/wp-content\/uploads\/2023\/02\/Zarzas-de-Alange.-Badajoz.-Encapsulado107bea34-1203-444b-9ae2-2c6a0536fa87-867x1536.jpg 867w, https:\/\/pavimentosps.com\/wp-content\/uploads\/2023\/02\/Zarzas-de-Alange.-Badajoz.-Encapsulado107bea34-1203-444b-9ae2-2c6a0536fa87.jpg 903w\" sizes=\"auto, (max-width: 578px) 100vw, 578px\" \/><\/figure>\n\n\n\n<figure class=\"wp-block-image size-large\"><img loading=\"lazy\" decoding=\"async\" width=\"1024\" height=\"492\" data-id=\"1736\" src=\"https:\/\/pavimentosps.com\/wp-content\/uploads\/2023\/02\/VILLANUEVA-CORDOBA-2-1024x492.jpg\" alt=\"\" class=\"wp-image-1736\" srcset=\"https:\/\/pavimentosps.com\/wp-content\/uploads\/2023\/02\/VILLANUEVA-CORDOBA-2-1024x492.jpg 1024w, https:\/\/pavimentosps.com\/wp-content\/uploads\/2023\/02\/VILLANUEVA-CORDOBA-2-300x144.jpg 300w, https:\/\/pavimentosps.com\/wp-content\/uploads\/2023\/02\/VILLANUEVA-CORDOBA-2-768x369.jpg 768w, https:\/\/pavimentosps.com\/wp-content\/uploads\/2023\/02\/VILLANUEVA-CORDOBA-2-1536x737.jpg 1536w, https:\/\/pavimentosps.com\/wp-content\/uploads\/2023\/02\/VILLANUEVA-CORDOBA-2.jpg 1600w\" sizes=\"auto, (max-width: 1024px) 100vw, 1024px\" \/><\/figure>\n\n\n\n<figure class=\"wp-block-image size-large\"><img loading=\"lazy\" decoding=\"async\" width=\"1024\" height=\"491\" data-id=\"1733\" src=\"https:\/\/pavimentosps.com\/wp-content\/uploads\/2023\/02\/Foto-aerea.-Parque-Infantil-SBR-5-1024x491.jpg\" alt=\"\" class=\"wp-image-1733\" srcset=\"https:\/\/pavimentosps.com\/wp-content\/uploads\/2023\/02\/Foto-aerea.-Parque-Infantil-SBR-5-1024x491.jpg 1024w, https:\/\/pavimentosps.com\/wp-content\/uploads\/2023\/02\/Foto-aerea.-Parque-Infantil-SBR-5-300x144.jpg 300w, https:\/\/pavimentosps.com\/wp-content\/uploads\/2023\/02\/Foto-aerea.-Parque-Infantil-SBR-5-768x369.jpg 768w, https:\/\/pavimentosps.com\/wp-content\/uploads\/2023\/02\/Foto-aerea.-Parque-Infantil-SBR-5.jpg 1219w\" sizes=\"auto, (max-width: 1024px) 100vw, 1024px\" \/><figcaption class=\"wp-element-caption\">DCIM\\101GOPRO<\/figcaption><\/figure>\n\n\n\n<figure class=\"wp-block-image size-large\"><img loading=\"lazy\" decoding=\"async\" width=\"1024\" height=\"575\" data-id=\"1732\" src=\"https:\/\/pavimentosps.com\/wp-content\/uploads\/2023\/02\/Caucho-SBR.-Encinarejo.-Cordoba-6-1024x575.jpg\" alt=\"\" class=\"wp-image-1732\" srcset=\"https:\/\/pavimentosps.com\/wp-content\/uploads\/2023\/02\/Caucho-SBR.-Encinarejo.-Cordoba-6-1024x575.jpg 1024w, https:\/\/pavimentosps.com\/wp-content\/uploads\/2023\/02\/Caucho-SBR.-Encinarejo.-Cordoba-6-300x168.jpg 300w, https:\/\/pavimentosps.com\/wp-content\/uploads\/2023\/02\/Caucho-SBR.-Encinarejo.-Cordoba-6-768x431.jpg 768w, https:\/\/pavimentosps.com\/wp-content\/uploads\/2023\/02\/Caucho-SBR.-Encinarejo.-Cordoba-6-1536x862.jpg 1536w, https:\/\/pavimentosps.com\/wp-content\/uploads\/2023\/02\/Caucho-SBR.-Encinarejo.-Cordoba-6.jpg 1600w\" sizes=\"auto, (max-width: 1024px) 100vw, 1024px\" \/><\/figure>\n\n\n\n<figure class=\"wp-block-image size-large\"><img loading=\"lazy\" decoding=\"async\" width=\"1024\" height=\"768\" data-id=\"1730\" src=\"https:\/\/pavimentosps.com\/wp-content\/uploads\/2023\/02\/CLUB-MILITAR.-SEVILLA.-CAUCHO-SBR-7-1024x768.jpg\" alt=\"\" class=\"wp-image-1730\" srcset=\"https:\/\/pavimentosps.com\/wp-content\/uploads\/2023\/02\/CLUB-MILITAR.-SEVILLA.-CAUCHO-SBR-7-1024x768.jpg 1024w, https:\/\/pavimentosps.com\/wp-content\/uploads\/2023\/02\/CLUB-MILITAR.-SEVILLA.-CAUCHO-SBR-7-300x225.jpg 300w, https:\/\/pavimentosps.com\/wp-content\/uploads\/2023\/02\/CLUB-MILITAR.-SEVILLA.-CAUCHO-SBR-7-768x576.jpg 768w, https:\/\/pavimentosps.com\/wp-content\/uploads\/2023\/02\/CLUB-MILITAR.-SEVILLA.-CAUCHO-SBR-7-1536x1152.jpg 1536w, https:\/\/pavimentosps.com\/wp-content\/uploads\/2023\/02\/CLUB-MILITAR.-SEVILLA.-CAUCHO-SBR-7.jpg 1600w\" sizes=\"auto, (max-width: 1024px) 100vw, 1024px\" \/><\/figure>\n<\/figure>\n","protected":false},"excerpt":{"rendered":"<p>Se aplica en dos capas diferentes: Capa base: consiste en una mezcla de SBR con Resina.El SBR son gr\u00e1nulos de caucho de un tama\u00f1o de 2 a 7 mm procedentes &#8230;<\/p>\n","protected":false},"author":1,"featured_media":0,"parent":0,"menu_order":0,"comment_status":"closed","ping_status":"closed","template":"","meta":{"_joinchat":[],"footnotes":""},"class_list":["post-1551","page","type-page","status-publish","hentry"],"_links":{"self":[{"href":"https:\/\/pavimentosps.com\/index.php\/wp-json\/wp\/v2\/pages\/1551","targetHints":{"allow":["GET"]}}],"collection":[{"href":"https:\/\/pavimentosps.com\/index.php\/wp-json\/wp\/v2\/pages"}],"about":[{"href":"https:\/\/pavimentosps.com\/index.php\/wp-json\/wp\/v2\/types\/page"}],"author":[{"embeddable":true,"href":"https:\/\/pavimentosps.com\/index.php\/wp-json\/wp\/v2\/users\/1"}],"replies":[{"embeddable":true,"href":"https:\/\/pavimentosps.com\/index.php\/wp-json\/wp\/v2\/comments?post=1551"}],"version-history":[{"count":4,"href":"https:\/\/pavimentosps.com\/index.php\/wp-json\/wp\/v2\/pages\/1551\/revisions"}],"predecessor-version":[{"id":1738,"href":"https:\/\/pavimentosps.com\/index.php\/wp-json\/wp\/v2\/pages\/1551\/revisions\/1738"}],"wp:attachment":[{"href":"https:\/\/pavimentosps.com\/index.php\/wp-json\/wp\/v2\/media?parent=1551"}],"curies":[{"name":"wp","href":"https:\/\/api.w.org\/{rel}","templated":true}]}}