{"id":1559,"date":"2023-01-20T11:03:40","date_gmt":"2023-01-20T10:03:40","guid":{"rendered":"https:\/\/pavimentosps.com\/?page_id=1559"},"modified":"2023-02-06T13:09:33","modified_gmt":"2023-02-06T12:09:33","slug":"hormigon-desactivado","status":"publish","type":"page","link":"https:\/\/pavimentosps.com\/index.php\/hormigon-desactivado\/","title":{"rendered":"Hormig\u00f3n desactivado (\u00e1rido visto)"},"content":{"rendered":"\n<p>El hormig\u00f3n desactivado, \u00e1rido visto u hormig\u00f3n lavado es un tipo de pavimento de f\u00e1cil ejecuci\u00f3n in situ. Se trata de una solera de hormig\u00f3n en la que puedes ver sus \u00e1ridos en la superficie. Es decir, es como dejar el hormig\u00f3n al desnudo, de ah\u00ed proviene sus nombres. <\/p>\n\n\n\n<p>Desde una perspectiva est\u00e9tica, el acabado del hormig\u00f3n desactivado es rugoso, por lo que es antideslizante, no t\u00f3xico y muy resistente a la acci\u00f3n de los agentes externos. La composici\u00f3n del \u00e1rido visto es como la del concreto ordinario, por lo que encontramos en su formulaci\u00f3n: cemento, gr\u00e1nulos de roca y agua que le dan su distinci\u00f3n.<\/p>\n\n\n\n<p>Ofrece una alta resistencia mec\u00e1nica. Es resistente a fuertes impactos o a cambios de temperatura.<\/p>\n\n\n\n<p>Se puede utilizar en zonas de tr\u00e1fico ligero, como rampas, zonas deportivas, patios, terrazas, \u00e1reas peatonales, etc<\/p>\n\n\n\n<p>El acabado visual depender\u00e1 del tipo de \u00e1rido que se use para la mezcla de hormig\u00f3n usado en el vertido<\/p>\n\n\n\n<figure class=\"wp-block-gallery has-nested-images columns-default is-cropped wp-block-gallery-1 is-layout-flex wp-block-gallery-is-layout-flex\">\n<figure class=\"wp-block-image size-large\"><img loading=\"lazy\" decoding=\"async\" width=\"500\" height=\"329\" data-id=\"1696\" src=\"https:\/\/pavimentosps.com\/wp-content\/uploads\/2023\/02\/hormigon-desactivado-1.jpg\" alt=\"\" class=\"wp-image-1696\" srcset=\"https:\/\/pavimentosps.com\/wp-content\/uploads\/2023\/02\/hormigon-desactivado-1.jpg 500w, https:\/\/pavimentosps.com\/wp-content\/uploads\/2023\/02\/hormigon-desactivado-1-300x197.jpg 300w\" sizes=\"auto, (max-width: 500px) 100vw, 500px\" \/><\/figure>\n\n\n\n<figure class=\"wp-block-image size-large\"><img loading=\"lazy\" decoding=\"async\" width=\"1024\" height=\"556\" data-id=\"1694\" src=\"https:\/\/pavimentosps.com\/wp-content\/uploads\/2023\/02\/hormigon-desactivado.jpg\" alt=\"\" class=\"wp-image-1694\" srcset=\"https:\/\/pavimentosps.com\/wp-content\/uploads\/2023\/02\/hormigon-desactivado.jpg 1024w, https:\/\/pavimentosps.com\/wp-content\/uploads\/2023\/02\/hormigon-desactivado-300x163.jpg 300w, https:\/\/pavimentosps.com\/wp-content\/uploads\/2023\/02\/hormigon-desactivado-768x417.jpg 768w\" sizes=\"auto, (max-width: 1024px) 100vw, 1024px\" \/><\/figure>\n\n\n\n<figure class=\"wp-block-image size-large\"><img loading=\"lazy\" decoding=\"async\" width=\"1024\" height=\"683\" data-id=\"1693\" src=\"https:\/\/pavimentosps.com\/wp-content\/uploads\/2023\/02\/camino-hormigon-piedras-1024x683-1.jpg\" alt=\"\" class=\"wp-image-1693\" srcset=\"https:\/\/pavimentosps.com\/wp-content\/uploads\/2023\/02\/camino-hormigon-piedras-1024x683-1.jpg 1024w, https:\/\/pavimentosps.com\/wp-content\/uploads\/2023\/02\/camino-hormigon-piedras-1024x683-1-300x200.jpg 300w, https:\/\/pavimentosps.com\/wp-content\/uploads\/2023\/02\/camino-hormigon-piedras-1024x683-1-768x512.jpg 768w\" sizes=\"auto, (max-width: 1024px) 100vw, 1024px\" \/><\/figure>\n\n\n\n<figure class=\"wp-block-image size-large\"><img loading=\"lazy\" decoding=\"async\" width=\"778\" height=\"388\" data-id=\"1695\" src=\"https:\/\/pavimentosps.com\/wp-content\/uploads\/2023\/02\/1640636980.jpg\" alt=\"\" class=\"wp-image-1695\" srcset=\"https:\/\/pavimentosps.com\/wp-content\/uploads\/2023\/02\/1640636980.jpg 778w, https:\/\/pavimentosps.com\/wp-content\/uploads\/2023\/02\/1640636980-300x150.jpg 300w, https:\/\/pavimentosps.com\/wp-content\/uploads\/2023\/02\/1640636980-768x383.jpg 768w\" sizes=\"auto, (max-width: 778px) 100vw, 778px\" \/><\/figure>\n\n\n\n<figure class=\"wp-block-image size-large\"><img loading=\"lazy\" decoding=\"async\" width=\"1024\" height=\"768\" data-id=\"1692\" src=\"https:\/\/pavimentosps.com\/wp-content\/uploads\/2023\/02\/desact-3-1067x800-1-1024x768.jpg\" alt=\"\" class=\"wp-image-1692\" srcset=\"https:\/\/pavimentosps.com\/wp-content\/uploads\/2023\/02\/desact-3-1067x800-1-1024x768.jpg 1024w, https:\/\/pavimentosps.com\/wp-content\/uploads\/2023\/02\/desact-3-1067x800-1-300x225.jpg 300w, https:\/\/pavimentosps.com\/wp-content\/uploads\/2023\/02\/desact-3-1067x800-1-768x576.jpg 768w, https:\/\/pavimentosps.com\/wp-content\/uploads\/2023\/02\/desact-3-1067x800-1.jpg 1067w\" sizes=\"auto, (max-width: 1024px) 100vw, 1024px\" \/><\/figure>\n<\/figure>\n","protected":false},"excerpt":{"rendered":"<p>El hormig\u00f3n desactivado, \u00e1rido visto u hormig\u00f3n lavado es un tipo de pavimento de f\u00e1cil ejecuci\u00f3n in situ. Se trata de una solera de hormig\u00f3n en la que puedes ver &#8230;<\/p>\n","protected":false},"author":1,"featured_media":0,"parent":0,"menu_order":0,"comment_status":"closed","ping_status":"closed","template":"","meta":{"_joinchat":[],"footnotes":""},"class_list":["post-1559","page","type-page","status-publish","hentry"],"_links":{"self":[{"href":"https:\/\/pavimentosps.com\/index.php\/wp-json\/wp\/v2\/pages\/1559","targetHints":{"allow":["GET"]}}],"collection":[{"href":"https:\/\/pavimentosps.com\/index.php\/wp-json\/wp\/v2\/pages"}],"about":[{"href":"https:\/\/pavimentosps.com\/index.php\/wp-json\/wp\/v2\/types\/page"}],"author":[{"embeddable":true,"href":"https:\/\/pavimentosps.com\/index.php\/wp-json\/wp\/v2\/users\/1"}],"replies":[{"embeddable":true,"href":"https:\/\/pavimentosps.com\/index.php\/wp-json\/wp\/v2\/comments?post=1559"}],"version-history":[{"count":6,"href":"https:\/\/pavimentosps.com\/index.php\/wp-json\/wp\/v2\/pages\/1559\/revisions"}],"predecessor-version":[{"id":1697,"href":"https:\/\/pavimentosps.com\/index.php\/wp-json\/wp\/v2\/pages\/1559\/revisions\/1697"}],"wp:attachment":[{"href":"https:\/\/pavimentosps.com\/index.php\/wp-json\/wp\/v2\/media?parent=1559"}],"curies":[{"name":"wp","href":"https:\/\/api.w.org\/{rel}","templated":true}]}}